2 + 1 + 10 + -6?
-5
What is the value of -11 + (5 - 4 - (-9 + 2)) + 1?
-2
Evaluate (6 - (0 + 4 + 4 + -6)) + 17.
21
Evaluate 9 - (14 - 1) - (-3 + -7) - 35.
-29
What is 1 - (-9 - (-16 + 10))?
4
4 + -3 - 5 - (-4 - 42) - 5
37
Evaluate 18 - (2 + 14 - -15).
-13
What is 1 - ((-22 - -1) + 9) - 6?
7
What is the value of -7 + 2 + (-3 - -16) + -23 + 9?
-6
Evaluate -4 + 0 - (7 + 7 + -24).
6
33 + (-3 - -2 - (-58 - -68))
22
4 - (0 + -3 + 3) - (58 - 55)
1
-49 + 51 + -13 + 1
-10
Calculate (-41 - 0) + (28 - 5).
-18
What is -2 + 7 - (-34 + 45)?
-6
Evaluate (21 - (4 - 1) - -4) + (-83 - -82).
21
What is -1 + -1 + -3 + 0 - (-13 + 10)?
-2
What is 6 + -7 + 2 + 0 - 0?
1
Evaluate -59 - ((-25 - 28) + 20).
-26
Evaluate 4 + (1 + 1 - (36 + -33)) + 10.
13
Calculate 0 - (-7 - 15) - 7.
15
Evaluate 0 - (10 + (6 + -6 - 1)).
-9
What is -20 + 2 + 21 + 5 + 2?
10
Evaluate -2 + (10 - -4) - (-4 + -13 - -12).
17
What is the value of -1 - -21 - (0 - -13)?
7
What is the value of 65 + -68 + (-23 - 1)?
-27
Evaluate -10 + 9 + 14 + -1.
12
What is the value of (55 - 19) + -17 - (7 - 0)?
12
Calculate -7 + (-1 - (-8 - -4)) + -6 + 0.
-10
Evaluate -7 + 16 + 11 + (-8 - -3).
15
Evaluate 68 - (-32 + 73) - 33.
-6
Evaluate (-32 - 35 - -12) + 45.
-10
What is -1 + (-4 - ((-2 - -4) + -3)) + 10?
6
What is the value of (-4 - -16) + (7 - (3 + -1)) + 0?
17
What is 6 - (-44 + 63 + (3 - (-2 + 0)))?
-18
What is (31 - 30) + (4 + (-9 - -6) - 1)?
1
Evaluate (-15 - -49) + -16 - 32.
-14
Calculate (4 - -10 - (8 - 6)) + (0 - -1).
13
37 + -8 + -47 + 14
-4
Evaluate (1 - (-6 - -1) - (4 - 3)) + 5.
10
Calculate 5 + -12 - (0 + 5 + -6).
-6
What is the value of -327 + 330 + -7 + (2 - 4)?
-6
What is -3 + -3 + (-197 - -182)?
-21
Calculate -13 + -10 - (10 - 17).
-16
What is -9 - (6 + 2 - 45 - -8)?
20
What is -12 - (-16 + (19 - 41)) - (0 - 1)?
27
Calculate 1 + -2 - (1 + -2 + -4 - -22).
-18
What is the value of (-7 - 6) + 59 + -54?
-8
Evaluate (37 - 19) + -39 + 45.
24
-2 + 14 - (-30 + 32)
10
Calculate -10 + (6 - -8) - 17.
-13
What is (13 - (-25 - -30)) + (1 - 23)?
-14
What is 19 + -7 + (2 + 10 - (-5 - -9))?
20
What is the value of -18 + -6 + -11 + 29?
-6
Evaluate 1 + (-6 - -11) + 3 + 5 + -1.
13
What is the value of 17 - -32 - 15 - 13?
21
What is 4 - (-4 + 7 + 5 + -9 - -1)?
4
Evaluate 17 - -1 - (660 + -659).
17
12 + -1 - (-4 + 19 + -6 + -10)
12
What is the value of (294 - 274) + -3 + -22?
-5
Evaluate 7 - (2 + -1) - (5 + -10 - 4).
15
What is 6 + -12 + -2 - -6 - (3 + 2)?
-7
18 - (-2 - (11 + -10)) - 2
19
Evaluate 0 - (-2 + 11) - (-10 - 0).
1
(-16 - -13 - -13 - (0 - -13)) + -8
-11
What is the value of -150 + 146 + (1 + -2 - -1)?
-4
What is the value of -4 + (-16 - (-10 + 17))?
-27
What is the value of 2 + 2 + (-12 - (4 + -4)) + 1?
-7
Evaluate -2 - (4 + -5 + (-7 - 2) + 4).
4
Calculate 2 - (86 - 86 - (-3 + -1 + 0)).
-2
What is the value of 7 - (1 - 3 - (-16 + 12) - -2)?
3
Evaluate -7 + 14 + -16 + -3 + 6 - 8.
-14
Calculate (2 - 1) + (1711 - 1679).
33
What is 5 + -2 + 6 + (4 - (8 + 6))?
-1
(0 - 3) + -31 + (2 - -4) + 2
-26
21 - (-10 - 14) - 16
29
Evaluate 11 + -1 - (-1 + 5 - 0).
6
What is the value of 1 + -7 + (7 - -13 - 15)?
-1
Evaluate (1 - -1) + 138 + -123.
17
What is the value of -18 + 40 + (-5 - 19)?
-2
Calculate -9 + (13 - 17) - (0 - -7) - -2.
-18
-5 - (0 + -3 + 4 - (0 - -4))
-2
What is 12 + 15 + 15 + -32 - 29?
-19
What is (1 + 0 - -8) + (-560 - -555)?
4
What is (23 - 0) + (237 - 260)?
0
Calculate (-1 - 2) + (-12 - -2 - -6).
-7
What is (13 - (8 + 5)) + 11?
11
Evaluate -18 - (6 + 17 - 17 - 25).
1
Calculate -7 - ((-17 - -25) + 4).
-19
What is the value of -2 - (59 - 53 - ((0 - -3) + -2))?
-7
What is 18 - (0 + 0 + 32)?
-14
Calculate (4 + 14 - 26) + 3 - (11 + -2).
-14
Calculate (-3 - (1 + (-6 - -7))) + 8 + -1.
2
-2 - 10 - -4 - -13
5
Calculate (0 - (-9 + 6)) + -4.
-1
What is -5 + -2 - (-26 + 34) - (-3 - 0)?
-12
What is -5 - 14 - -18 - (-1 - 4)?
4
What is 3 + 1 + 0 - (0 - 1 - 20)?
25
What is (-6 - (-8 - (2 + -4))) + 1 - -2?
3
6 + (3 - (-11 - -14 - 2))
8
What is the value of -13 + (3 - (-10 - -3)) - (-1 - 1)?
-1
Calculate 2 + (7 - (-7 + 12 + -16)).
20
Calculate -64 - (-6 - (48 + -22)).
-32
What is the value of -13 - (-10 + (1 - 4) + 2)?
-2
What is the value of -33 + (48 - 13) - ((9 - -2) + 1)?
-10
Calculate 36 - (-2 - -5 - -12).
21
What is -16 - (4 - 3 - -5 - 11)?
-11
What is the value of 2 - 22 - (-11 + (-9 - -28) + -7)?
-21
What is the value of -3 + 0 - (2 - (-15 - -12))?
-8
(261 - 260) + 20 + 1 + 0
22
-17 + 1 + (-6 - (6 - 29)) + -21
-20
30 + 39 + (-76 - -36)
29
16 + -23 - -16 - (-2 - 0)
11
What is the value of (5 - (2 + (0 - -3) - 2)) + -12?
-10
What is the value of ((-14 - -22) + -15 - (0 - -1)) + -9?
-17
What is the value of (-16 - -39) + 16 + -23?
16
Evaluate 0 - (-5 + -1 + 1 + -18 + 18).
5
20 - (10 - (10 - 19))
1
What is 9 + -25 - (-15 - (-7 - 5))?
-13
Evaluate (-15 - -10) + -12 + 10.
-7
What is the value of (-6 - 2) + (36 - (2 - -18))?
8
What is the value of (-10 - -3 - -15 - 12) + 16 + 3?
15
What is -59 + 34 + 20 + -25?
-30
Evaluate -3 + -9 + 27 + -8.
7
What is -7 + (13 - (10 - (0 - 0 - -3)))?
-1
Calculate (-3 + 0 - (3 - 4)) + (27 - 32).
-7
17 + (21 + -18 - 10)
10
What is the value of (-24 - (-1 - 0 - 4)) + 2?
-17
Calculate -60 - 3 - (335 - 372).
-26
What is the value of -2 - 8 - (-5 + 16 + -8 + -7)?
-6
Calculate -54 + 50 + 8 - (-2 - 8).
14
Calculate 3 - (56 - 31 - (0 - 3 - -6)).
-19
Evaluate 2 - (2 + -4) - ((-1 - 3) + 10).
-2
What is 1 + -4 + -3 + 7?
1
What is the value of 24 + (-20 - 13) + 17?
8
What is the value of -1 + -4 - (17 - 38 - -18)?
-2
Calculate (18 - (17 + -5)) + 0 + -8.
-2
What is -26 + -19 + 10 + 33?
-2
-89 + 92 - (7 + -2)
-2
What is 33 + -16 + -17 + 14 + (6 - -2)?
22
What is the value of -4 + 1 - (11 + -8 + 21 - 4)?
-23
What is 831 + -867 - (0 - 35)?
-1
Evaluate -2 - -1 - (8 + 11 + -6).
-14
1 + -1 + -9 + -10 + 10
-9
Calculate -10 + -9 + (23 - (14 - (-2 + 12))).
0
Evaluate 15 + -14 + (9 - -1) + 0.
11
What is (-46 - -31) + 26 - (-2 - 3) - -6?
22
What is 1 + 0 - -23 - (-70 - -49 - -23)?
22
What is -9 + -13 + (10 - -13)?
1
What is the value of (-7 - 4 - -6) + 7 + -3 + 13?
12
What is -26 + 23 - (0 - 17)?
14
30 - (39 + 25) - -28
-6
Calculate 4 + 33 + -22 + -13.
2
What is 10 + 0 + 51 + -49 + 11?
23
Evaluate (-34 - -20) + (3 - 5) + 7 - -3.
-6
Evaluate -383 + 398 - ((4 - 5) + 7 + 0).
9
What is 15 + -8 - (11 + (3 - 8) + -4)?
5
What is the value of (-8 - (-8 - 1) - (1 + 0)) + 13?
13
Evaluate 34 - (-22 + 89) - -34.
1
Calculate 10 + -55 + 58 + (-2 - (-1 + 3)).
9
Evaluate (-29 - -13) + 15 + 0.
-1
8 + (-31 - -5) + 5 + 7
-6
Calculate (-36 - -26) + 0 + (2 - -9).
1
Evaluate 31 + (2 - (47 + -14)).
0
11 - (-16 + 33) - 12
-18
-10 + 58 + (-37 - -20)
31
25 + -33 - (-6 - 1 - 1)
0
Calculate 4 + (-17 - 1) + 23 + -20 + -5.
-16
Evaluate -9 - (-5 + 5) - (21 - (-9 - -12)).
-27
10 + 0 - (12 + (-13 - (-5 + 5)))
11
What is -5 - (1 + -1) - (-8 - 5)?
8
What is the value of 9 + -24 - -3 - -18?
6
Evaluate -23 + 31 + 2 + -7.
3
What is 7 + -1 - (8 + 5) - (5 + -8)?
-4
What is 1 + 0 + (738 - 742)?
-3
What is 24 - (-3 - (-6 + (5 - 9))) - 0?
17
8 - -1 - (-17 + 2 - (257 - 266))
15
Evaluate (2 - -1) + 7 + (-3 - -2 - 3).
6
What is the value of 14 + 12 + (-1 + 10 - 7)?
28
What is 12 - (20 + 7 - 2)?
-13
Evaluate 34 + -40 + (9 - -2).
5
What is -23 + (13 - 6) - -24?
8
25 - ((-6 - -6) + -16 - -25)
16
Calculate 2 + -16 + -139 + 167.
14
What is -22 + 36 + (-32 - -11)?
-7
Evaluate -3 + 21 - 11 - 6.
1
26 - 30 - (-2 + -3)
1
Evaluate -18 + 19 + -14 - -18.
5
Calculate -1 + 4 - (-57 + 48 - (-3 - 4)).
5
What is the value of -1 - (-4 - -2 - -6)?
-5
Evaluate (13 - (3 - -17)) + -6.
-13
What is the value of -39 - (-5 + -7) - (-8 - 6)?
-13
What is -1 - (-6 - 0 - (17 + -20 + -2))?
0
What is the value of (-6 - (-2 - -3)) + (65 - 54) - 6?
-2
(-61 - -40) + (-4 - -21)
-4
(2 - -2) + 22 - (-31 + (-28 - -55))
30
-16 - -4 - -25 - 31
-18
Calculate 4 + 1 - (14 + -30 + 29).
-8
Calculate 0 + 27 + 2 + (-10 - -17) - 6.
30
6 + -2 + -8 + 3 + 8 - -7
14
29 + -28 - (9 + (0 - -2)) - 7
-17
Calculate 5 + (0 - 7) + (18 - 26 - -15).
5
What is the value of -4 - (8 + -17) - 2 - (3 + -5)?
5
Calculate 1 - -2 - (15 - ((1 - -5) + -17)).
-23
What is -19 + 15 + 0 + -24 + 4 + 0?
-24
-136 + 131 + (-1 - -8)
2
What is 5 + (15 - 5 - 7)?
8
3 - (4 + -9 + 2 - -5)
1
37 + (-33 - (15 - 26))
15
What is the value of 4 